. Suppose m - 4*n = 55 + c, 4*n + 166 = 2*m. What is the remainder when m is divided by 21?
18
Let y = -1 + -571. Let l = -303 - y. What is the remainder when l is divided by 23?
16
Suppose -q - 5*r = -39, -5*r = -4 + 19. What is the remainder when 483 is divided by q?
51
Let t(d) = d**3 + 2*d**2 - 7. Let m be t(3). Suppose y - m = -y. Let a = y + -9. Calculate the remainder when 27 is divided by a.
7
Let h = -1933 - -2751. What is the remainder when h is divided by 45?
8
Let h = 403 + -402. Let l(g) = 16*g + 1. Let r = 19 - -4. Calculate the remainder when r is divided by l(h).
6
Suppose -34 = -3*k + k. Suppose 12*d + 884 = -556. What is the remainder when k is divided by (d/36)/((-1)/3)?
7
Suppose a - 643 = t, 2*t - 60 = -4*a + 2488. What is the remainder when a is divided by 14?
9
Suppose j + 3*l + 2*l - 96 = 0, 360 = 5*j + l. Let c(m) = 6*m - 66. Let a be c(12). What is the remainder when j is divided by a/(-3) + 16 + 4?
17
Suppose -26 = -0*d - d. Suppose -4*j + 58 + d = 0. Let o(z) = z**2 - 11*z - 1. What is the remainder when o(15) is divided by j?
17
Suppose 3*h - 36 = 21*y - 18*y, 68 = 4*h + y. Let j(z) = -8*z**3 + 2*z - 1. Calculate the remainder when j(-2) is divided by h.
11
Suppose 4*h + 71 = -5. Let p = h + 89. Calculate the remainder when p is divided by 11.
4
What is the remainder when 2551 is divided by 10 - 226/22 - (-42051)/33?
3
Let j(z) = z**3 + 10*z**2 + 22*z + 50. Let q be j(-8). Suppose -4*t + 118 = -2*u, 5*t + q*u = -u + 142. What is the remainder when 57 is divided by t?
28
Let i = -27575 - -27605. Calculate the remainder when 2165 is divided by i.
5
Let l(a) = a**2 + 10*a + 12. Let k be 3/(18/32) + 4/6. Calculate the remainder when -3*(-4)/24*k is divided by l(-9).
0
Suppose 18*q - 1160 - 1144 = 0. Suppose -2*o + 49 = i - 0*i, -2*i - 34 = -2*o. What is the remainder when q is divided by o?
18
Suppose -956 = 25*w - 4581. Calculate the remainder when w is divided by 24.
1
Let m = 181 + 71. Let s(b) = -6*b**2 + 17*b + 15. Let j(k) = -13*k**2 + 35*k + 25. Let w(z) = 4*j(z) - 9*s(z). What is the remainder when m is divided by w(11)?
60
Let y = -11294 + 11516. What is the remainder when 3539 is divided by y?
209
Suppose 23*w = 489 + 3007. What is the remainder when w is divided by 6?
2
Let s be -7 + (67 + 615)*(-1)/(-2). Let t(z) = -197*z**3 + 2*z**2 - 1. Let y be t(1). Let f = s + y. Calculate the remainder when f is divided by 28.
26
Let t be 6 + (-5 - -1 - 0). Suppose -3*i = -3*g + 54, -t*g + 19 = 3*i - 37. Let l = 35 - g. What is the remainder when 48 is divided by l?
9
Let o be (-777)/7*2*(-1)/6. Let q be (2 + 58/(-6))*-3. Let b = o - q. What is the remainder when b is divided by 8?
6
Suppose 13 = 5*f - 4*f. Let d = 35 + -33. Suppose -4*b - d*y + 138 = 0, -6 = -2*b - 5*y + 67. Calculate the remainder when b is divided by f.
8
Let u(l) = 47*l - 19*l - 4*l - 19 + 16*l. What is the remainder when u(4) is divided by 36?
33
What is the remainder when 3/((-17 + (-50930)/(-2992))/((-2)/(-2))) is divided by 37?
25
Suppose 292*h = 20*h + 55992 + 37848. Calculate the remainder when h is divided by 4.
1
Suppose -2*a = 4*y - 7*y + 77, 126 = 4*y + 2*a. What is the remainder when 509 is divided by y?
16
Let p = -6 + 11. Suppose p*i = 90 + 55. Suppose 4*j - 2*k = 196, -k - 22 - i = -j. Calculate the remainder when j is divided by 16.
15
Suppose -126*i + 136*i - 420 = 0. Suppose 3*v = l + 620, 3*l + l + 832 = 4*v. Calculate the remainder when v is divided by i.
38
Suppose 0 = 2*h + 2, -h + 8 - 1 = 2*k. Suppose 0 = -4*u + k, -5*p = -4*p + u - 13. Calculate the remainder when 5/((-213)/(-837) + p/(-54)) is divided by 53.
49
Suppose -2*v - 2*v - k = -748, 3*v + 4*k = 561. Let z = v - 175. What is the remainder when 287 is divided by z?
11
Let k(a) = -a**2 + 12*a + 137. Let c be k(19). Suppose 0 = 4*u, 0*v = -c*v - u + 56. Suppose 0*n + 3*n = 102. What is the remainder when n is divided by v?
6
Let w = -1206 - -1216. Suppose -2*t + 8 = 2*t. Calculate the remainder when 51 is divided by 2 + -2 + (t - (-2 - w)).
9
Suppose 410*k - 178369 = 149666 + 90575. What is the remainder when k is divided by 199?
26
Suppose 416 = 314*c - 305*c - 106. Calculate the remainder when 137 is divided by c.
21
Let q(m) = 288*m - 939. What is the remainder when q(4) is divided by 14?
3
Let a(p) = p**3 - 5*p**2 + 3*p + 7. Suppose 6*v - 9 = 7*v. Let t be v*(-3 + (-115)/(-45)). What is the remainder when 22 is divided by a(t)?
1
Suppose -y - 31 = -3*a, -3*y = -a - 3 - 0. Calculate the remainder when ((-7168)/36)/(-4) + 31*(-4)/(-558) is divided by a.
2
Suppose 5*g - 118 = 16*m - 20*m, 3*g = -5*m + 167. What is the remainder when 39 is divided by m?
2
Let j(d) = -d - 12. Let c be j(-14). Let f be 9/18*(-8)/c - -4. Suppose -22 - 56 = -4*n - 2*m, 0 = -f*m + 6. Calculate the remainder when n is divided by 7.
4
Suppose 3*c + 3 - 18 = 0. Suppose -18*g = -60*g + 1050. Suppose 0 = -2*v - 2*f + 16, -c*f + g = v + 5. What is the remainder when 5 is divided by v?
0
Suppose -4*f + 2*f - 3*d = -21, 25 = 5*f + 2*d. Suppose f*b + 24 = 7*b. Let w(l) = -2*l**2 + 15*l - 6. What is the remainder when w(4) is divided by b?
4
Suppose -14 = -0*w + 2*w. Let z(m) = -17*m**2 - m + 4. Let v be z(1). What is the remainder when 144/v*w/1 is divided by 19?
15
Suppose -28 = 8*x - 12. Calculate the remainder when x/23 - 64332/(-276) is divided by 18.
17
Let c(f) = f**3 + 15*f**2 - 17*f - 18. Let g be c(-16). Let j be (-4)/((-4)/3) - 140/g. Let z = j - 49. Calculate the remainder when z is divided by 17.
7
Suppose -13*d + 15*d = -2314. Let j be d/(-26)*1*4. Let o = -125 + j. Calculate the remainder when o is divided by 16.
5
Let k = 113 + -53. Suppose k*s - 67*s = -343. Calculate the remainder when 244 is divided by s.
48
Suppose g + 51 = 4*g. Let w = -207539 - -207773. Calculate the remainder when w is divided by g.
13
Suppose 397 = 2*m - t - 0, 5*m = -5*t + 970. What is the remainder when 460 is divided by m?
66
Let h = -525 - -462. Calculate the remainder when 5 - (1939/h + (-2)/9) is divided by 19.
17
Suppose 4*t + 22 = -5*w, 2*w + 13 = -4*t + t. What is the remainder when (-45)/w - (-5 - 11/(-2)) is divided by 5?
2
Suppose 9*r = 8*r - 65*r + 3168. What is the remainder when 1679 is divided by r?
47
Let l = -332 - -335. Suppose 5*c - 10 - 14 = -i, 32 = i + l*c. What is the remainder when i is divided by (-23 + 0)/(1 - 2)?
21
What is the remainder when 118 is divided by (-3)/1*(-1677)/117?
32
Let h(y) = -3*y**3 - 6*y**2 - 2*y - 2. Let r be h(-4). Let k = r - 96. Suppose -17 + 92 = 5*o. Calculate the remainder when o is divided by k.
3
Suppose -2*p = -4 - 0, 5*p = 2*i - 220. Let s = -75 + i. Let r = s + -19. What is the remainder when 81 is divided by r?
18
Let l(i) = 4*i**2 + 18*i - 23. Let v be l(-14). Suppose 217 = 2*n - 3*j - 134, 3*n - j = v. Calculate the remainder when n is divided by 13.
12
Let j(o) = -52*o - 48. Let s be j(6). Let x = s + 425. What is the remainder when 321 is divided by x?
61
Let d(h) be the third derivative of 11*h**4/24 - 25*h**3/6 + 44*h**2 + 2. Let g be d(7). Suppose z = 5*z - g. What is the remainder when 37 is divided by z?
11
Calculate the remainder when 5333 is divided by -10 + (57618/330)/(6/10).
275
Let t(s) = -13*s**2 + 1483*s - 77. What is the remainder when 622 is divided by t(114)?
30
Calculate the remainder when 305 is divided by (-32)/(-24)*27/36 - -28.
15
Suppose -f + 5*l - 6 = 3*l, -4 = 4*f + 2*l. Let s(q) = -100*q - 30. Calculate the remainder when s(f) is divided by 55.
5
Suppose 2*w - 1618 = 4*g, 5*g + 2402 = 3*w + 4*g. Let z = -574 + w. What is the remainder when z is divided by 23?
18
Let y = 1829 - 999. What is the remainder when y is divided by 93?
86
Suppose 31 = 4*a + 7. Suppose 0*u = 5*u - 210. What is the remainder when u is divided by (a/9)/(6/135)?
12
Suppose 3*o - 8 = 4*v + 392, -o + 4*v = -144. What is the remainder when 371 is divided by o?
115
Let a be (0 - -12) + -3 + -9 + 9. What is the remainder when 94 is divided by (-120)/a*(-336)/140?
30
Let l = -314 + 309. Let f = l - -245. Calculate the remainder when f is divided by 27.
24
Suppose -817 = -11*r + 888. Let o = 153 - 101. What is the remainder when r is divided by o?
51
Suppose -39 = -4*o + 21. Let b(a) = -48*a + 369. Let z be b(7). Suppose z*i = 38*i - o. What is the rem